pose -19 - h = -t. What is the remainder when t is divided by (13/(-3))/((-2)/6)?
12
Let g be (-24)/8*20/6. Let z = -7 - g. Calculate the remainder when 14 is divided by 1/(z + 14/(-5)).
4
Let i(t) = t**2 + 20*t - 52. What is the remainder when 149 is divided by i(-23)?
13
Let n = 8 - 6. Suppose -5*m = -2*i + 42, m + 3*m = 2*i - 40. Calculate the remainder when ((-24)/n)/((-2)/5) is divided by i.
14
Let w(f) = f**2 - 7*f - 5. Calculate the remainder when w(8) is divided by 2.
1
Let s(x) = -x**2 - 5*x + 3. Suppose 0 = o - 4*o - 12. Let u be s(o). Suppose u*i = 3*i + 176. Calculate the remainder when i is divided by 15.
14
Let j = 35 - -31. Calculate the remainder when j is divided by 34.
32
Suppose 0 = -3*y - 4*r + 16, -2*y + 7*y - 75 = 3*r. Suppose -7*n + 100 = -61. What is the remainder when n is divided by y?
11
Let m(s) = -s**2 + s - 11 - 12*s - 1. Suppose 40 = -0*g + 4*g. What is the remainder when g is divided by m(-9)?
4
What is the remainder when 42 is divided by 0*((-10)/4 - -3) - -16?
10
Suppose 2*b = -0*b + 18. Let n(a) = a - 8. Let x be n(10). Suppose x*k = -0*k + 32. What is the remainder when k is divided by b?
7
Let y be (8/(-6))/((-1)/(-18)). Let v = 52 + y. Let m = 90 - 80. Calculate the remainder when v is divided by m.
8
Let h = 1 - 1. Suppose -23 = -x - h*x + 4*y, 2*x - 34 = 5*y. Suppose -2*l + 1 = -x. What is the remainder when 10 is divided by l?
2
Suppose -s + 5*l = -14, 4*s = 3*l - l + 56. Suppose -2*f + f + 270 = 5*v, -2*f = -5*v + 255. Calculate the remainder when v is divided by s.
11
Let t be -1 + -1 + 12/(-3). Let d = 1 - t. What is the remainder when 20 is divided by d?
6
Suppose -3*y = g - 52, 0 = 2*g - 6*y + y - 49. Let r = 63 + -44. Calculate the remainder when g + 0/((-3)/3) is divided by r.
18
Let t be ((-8)/(-12))/(2/(-3)). Suppose -4*n + 17 = n - 4*y, 4*n = 5*y + 19. Calculate the remainder when t*(-3 + 2)*1 is divided by n.
0
Suppose -8*v + 139 + 61 = 0. Let j(k) = 12*k**2 - 1. Let a be j(-1). Let q = -4 + a. What is the remainder when v is divided by q?
4
Let v be 30/((-2)/((-24)/9)). Suppose t = -3*t + v. What is the remainder when 19 is divided by t?
9
Let z(o) = o + 5. Let k be z(-9). Let m(r) = r**3 + 4*r**2 - r - 1. What is the remainder when 8 is divided by m(k)?
2
Let r(k) = -3*k - 1. What is the remainder when r(-7) is divided by 4?
0
Suppose -2*s = -5*s + 9. Suppose -5*p = -4*y - 46, 0*p = -p + s*y + 18. Calculate the remainder when 16 is divided by p.
4
Let q(i) = 13*i - 20. What is the remainder when q(6) is divided by 10?
8
Suppose 0 = t + 2*t - 72. Calculate the remainder when 92 is divided by t.
20
Let n(g) = g + 4. Let j be n(-3). Suppose 0*k - 2*k + 10 = 0. What is the remainder when k is divided by (-2 + 5)/(2 - j)?
2
Let q be (2/4)/((-1)/(-10)). Let p be (q/3)/(5/15). Suppose p*n - 294 + 104 = 0. What is the remainder when n is divided by 13?
12
Let q(t) = t - 2. Let k be q(6). Suppose o - k*o = -9. Suppose 0 = -o*i + 2*i + 6. Calculate the remainder when 10 is divided by i.
4
Let x(y) = y**3 + y**2 - y. Calculate the remainder when x(2) is divided by 6.
4
Let q(v) = 3*v**2 + 6*v - 11. Calculate the remainder when q(3) is divided by 19.
15
Calculate the remainder when 33 is divided by 0 + -4 - (-12 + 3).
3
Let h = 5 + -1. Let x = -7 - -12. What is the remainder when x is divided by h?
1
Suppose 0 = g + 2*j + 33, -g = 4*g + 5*j + 155. Let c = g - -20. Let z = 0 - c. Calculate the remainder when 26 is divided by z.
8
What is the remainder when (11 + -2)*(-1 - 0 - -4) is divided by 18?
9
Calculate the remainder when (-555)/45*-3*1 is divided by 20.
17
Let y = 6 - 1. Suppose -y*i = -5*d + 30, -5*d - 2*i = 3*i + 10. Suppose 10 = -2*t, 4*z - d*t = -0*t + 102. What is the remainder when z is divided by 8?
7
Let y(h) = 3*h**2 + 2*h + 1. Let f = -8 - -13. Calculate the remainder when y(-2) is divided by f.
4
Let w(r) be the first derivative of 5*r**3 - r**2/2 - 2. Calculate the remainder when w(1) is divided by -5*(-1)/(1/1).
4
Suppose 2*z - 4 = 20. Let l(d) = 7*d**3 + d**2 - 1. Calculate the remainder when z is divided by l(1).
5
Let h = 17 + 9. What is the remainder when 51 is divided by h?
25
Suppose 5*p - 4*p - 18 = 0. What is the remainder when p is divided by 13?
5
Suppose -u = -6*u + 35. Calculate the remainder when 46 is divided by u.
4
Suppose 7*a - 312 = -74. Calculate the remainder when a is divided by 15.
4
Let z(a) = -2*a - 7. Let c be z(-6). Suppose g + 48 = c*g. What is the remainder when 22 is divided by g?
10
Suppose 0 = -5*x + c - 2*c + 50, 25 = 5*c. Calculate the remainder when x is divided by 5.
4
Let s(v) be the third derivative of v**4/6 + v**3/6 + v**2. Calculate the remainder when 23 is divided by s(3).
10
Let u be 0 + 2 - (5 + 0). Let a = 9 + u. Calculate the remainder when 10 is divided by a.
4
Suppose -2*f - 3*f + 40 = 0. What is the remainder when 20 is divided by f?
4
Let o(v) = -6*v**3 - v**2 + v + 1. Let g be o(-1). Let i(h) = -h**2 + 8*h - 1. Suppose -13 = -2*z + 39. Calculate the remainder when z is divided by i(g).
12
Calculate the remainder when 38 is divided by (4 + -58)/(-3) + 2.
18
Let z(m) = -m**2 + 6*m - 2. Let f be z(5). Suppose 4*s = f*s + 2. What is the remainder when 52 is divided by (-106)/(-6) - s/(-6)?
16
Let r = -2 + 3. Suppose -r = -d + 1. Suppose -z + 6 - d = 0. Calculate the remainder when 7 is divided by z.
3
Suppose -3*j = -4*z - 37, 5*j + 2*z + 26 - 131 = 0. What is the remainder when j is divided by 10?
9
What is the remainder when 69 is divided by (-3586)/(-99) - (-1)/(18/(-4))?
33
Suppose 217 = 2*z - 3*r, -5*z + r = -3*r - 532. Calculate the remainder when z is divided by 35.
34
Suppose u + 0*u = h - 12, 0 = 5*h - 2*u - 66. Suppose h = -v - 5*i - 5, -95 = 5*v - 3*i. Calculate the remainder when (-1)/(1/v) + 1 is divided by 11.
9
Calculate the remainder when -2 - 12/(-4) - -34 is divided by 3/(-6)*(-76)/2.
16
Let f(n) = -2*n + 19. Calculate the remainder when 91 is divided by f(-8).
21
Let w = 18 + -12. What is the remainder when (-3)/w - (-127)/2 is divided by 16?
15
What is the remainder when (-590)/(-40) + (-1)/4*-1 is divided by 8?
7
Let u = 0 - 0. Suppose u = -3*z - z + 140. Suppose r + 36 = 4*r. What is the remainder when z is divided by r?
11
Let w be 22/(-88) - 9/(-4). Suppose -w*y = -4*y + 2. What is the remainder when 3 is divided by y?
0
Let p = 1 + -1. Suppose 4*m - 164 = 4*u, 5*m + 4*u = -p*u + 169. Suppose 3*l - l = 38. What is the remainder when m is divided by l?
18
Let h(l) be the second derivative of l**4/6 - 4*l**3/3 - 5*l**2/2 + 3*l. Suppose -4*m = -14 - 14. Calculate the remainder when h(6) is divided by m.
5
Let k(p) = p**3 - 4*p**2 + 2*p - 4. Suppose 5*y + 30 = 5. Let q = 9 + y. Calculate the remainder when 6 is divided by k(q).
2
Let z = 1 + -9. Suppose 0 = -4*k + g + 60, g + g - 24 = -k. What is the remainder when k is divided by (z/20)/((-2)/30)?
4
Let u(b) = 2*b - 8. Let z be u(6). Suppose -z = -0*x + x + h, 2*x = -h - 5. What is the remainder when 29 is divided by (5/x)/((-2)/6)?
14
Let f(m) = -m**3 - 6*m**2 - m - 3. Let b be f(-6). Suppose -t = b*t - 148. Suppose 4*h = 65 + 11. What is the remainder when t is divided by h?
18
Suppose -3*x - b - 4*b = -19, 0 = -5*x + b + 13. Suppose 5*w - 21 = 4*m, -2*m + 9 = x*w - 8. What is the remainder when 8 is divided by w?
3
Let j = -246 + 347. Suppose -j = -4*k - 17. Calculate the remainder when 41 is divided by k.
20
What is the remainder when ((-6)/8 + 329/(-4))*-1 is divided by 22?
17
Let i be (4/6)/(6/(-9)). Suppose 0 = -4*r - 2 + 46. Let m = i + r. What is the remainder when m is divided by 4?
2
Let j = -6 - -6. Suppose 2*n + j = 4. Calculate the remainder when (-57)/n*(-24)/18 is divided by 20.
18
What is the remainder when ((-8)/24)/(2/(-222)) is divided by 10?
7
Let j = -6 + 12. Suppose -o + j = 2. Suppose 4*n = -o*f + 264, 0 = -2*n - 2*n - 3*f + 265. Calculate the remainder when n is divided by 17.
16
Suppose z = -3*d + 35, 0 = -d + 4*d - 15. What is the remainder when 39 is divided by z?
19
Let m = -49 + 83. What is the remainder when m is divided by 9?
7
Let o(f) = -f**3 + 7*f**2 + 8*f + 8. Let x be ((-1)/(-2))/((-1)/(-16)). Let i be o(x). Suppose -10 = -3*p + i. Calculate the remainder when 23 is divided by p.
5
Let v = 6 + -3. Suppose -114 = -3*f - b - 2*b